at is the units digit of 12770?
0
What is the hundreds digit of 4334?
3
What is the ten thousands digit of 35769?
3
What is the tens digit of 57525?
2
What is the ten thousands digit of 75670?
7
What is the units digit of 7839?
9
What is the thousands digit of 163900?
3
What is the hundreds digit of 123288?
2
What is the units digit of 89?
9
What is the hundred thousands digit of 152014?
1
What is the units digit of 7319?
9
What is the ten thousands digit of 17432?
1
What is the tens digit of 16358?
5
What is the tens digit of 127141?
4
What is the tens digit of 28164?
6
What is the hundreds digit of 468?
4
What is the hundreds digit of 5048?
0
What is the tens digit of 12036?
3
What is the hundreds digit of 171612?
6
What is the hundreds digit of 462?
4
What is the hundreds digit of 43800?
8
What is the tens digit of 59262?
6
What is the tens digit of 21?
2
What is the hundreds digit of 2612?
6
What is the units digit of 37272?
2
What is the units digit of 65566?
6
What is the tens digit of 56551?
5
What is the tens digit of 1542?
4
What is the units digit of 2769?
9
What is the units digit of 7?
7
What is the thousands digit of 45629?
5
What is the units digit of 44519?
9
What is the tens digit of 6094?
9
What is the ten thousands digit of 39627?
3
What is the thousands digit of 122317?
2
What is the tens digit of 342?
4
What is the hundreds digit of 5558?
5
What is the tens digit of 14934?
3
What is the units digit of 924?
4
What is the tens digit of 26883?
8
What is the tens digit of 74272?
7
What is the hundreds digit of 589?
5
What is the units digit of 634?
4
What is the hundreds digit of 45424?
4
What is the units digit of 2953?
3
What is the hundreds digit of 39912?
9
What is the tens digit of 6336?
3
What is the tens digit of 371?
7
What is the hundreds digit of 13108?
1
What is the units digit of 2244?
4
What is the ten thousands digit of 17953?
1
What is the ten thousands digit of 23298?
2
What is the hundreds digit of 135581?
5
What is the units digit of 1779?
9
What is the units digit of 5221?
1
What is the hundreds digit of 1617?
6
What is the units digit of 927?
7
What is the tens digit of 2646?
4
What is the units digit of 2688?
8
What is the ten thousands digit of 10223?
1
What is the hundreds digit of 67540?
5
What is the tens digit of 1849?
4
What is the hundreds digit of 1780?
7
What is the hundreds digit of 56693?
6
What is the tens digit of 142089?
8
What is the thousands digit of 1305?
1
What is the ten thousands digit of 164542?
6
What is the ten thousands digit of 30525?
3
What is the ten thousands digit of 18113?
1
What is the hundreds digit of 8094?
0
What is the tens digit of 1287?
8
What is the units digit of 178798?
8
What is the hundreds digit of 24146?
1
What is the hundred thousands digit of 102914?
1
What is the thousands digit of 1555?
1
What is the units digit of 4207?
7
What is the thousands digit of 2661?
2
What is the thousands digit of 39565?
9
What is the hundreds digit of 5293?
2
What is the tens digit of 1021?
2
What is the tens digit of 25485?
8
What is the thousands digit of 5951?
5
What is the hundreds digit of 8060?
0
What is the units digit of 123?
3
What is the tens digit of 20806?
0
What is the units digit of 26907?
7
What is the tens digit of 359?
5
What is the units digit of 501?
1
What is the tens digit of 807?
0
What is the ten thousands digit of 34679?
3
What is the tens digit of 728?
2
What is the hundreds digit of 32768?
7
What is the tens digit of 83277?
7
What is the units digit of 139?
9
What is the thousands digit of 8101?
8
What is the hundreds digit of 14532?
5
What is the hundreds digit of 947?
9
What is the tens digit of 1449?
4
What is the tens digit of 7036?
3
What is the hundreds digit of 1227?
2
What is the units digit of 57?
7
What is the hundreds digit of 1508?
5
What is the tens digit of 19972?
7
What is the tens digit of 60780?
8
What is the hundreds digit of 183?
1
What is the thousands digit of 4690?
4
What is the hundreds digit of 7037?
0
What is the hundreds digit of 119?
1
What is the units digit of 1079?
9
What is the units digit of 1156?
6
What is the thousands digit of 11272?
1
What is the thousands digit of 12689?
2
What is the thousands digit of 122162?
2
What is the units digit of 709?
9
What is the ten thousands digit of 38220?
3
What is the hundreds digit of 138640?
6
What is the tens digit of 5342?
4
What is the hundreds digit of 3945?
9
What is the tens digit of 4306?
0
What is the thousands digit of 3800?
3
What is the ten thousands digit of 115844?
1
What is the ten thousands digit of 35323?
3
What is the ten thousands digit of 17819?
1
What is the tens digit of 89?
8
What is the ten thousands digit of 25615?
2
What is the units digit of 6008?
8
What is the ten thousands digit of 10619?
1
What is the units digit of 2731?
1
What is the units digit of 1066?
6
What is the units digit of 21078?
8
What is the units digit of 1155?
5
What is the thousands digit of 89190?
9
What is the hundreds digit of 890?
8
What is the thousands digit of 9345?
9
What is the units digit of 587?
7
What is the thousands digit of 7673?
7
What is the tens digit of 10036?
3
What is the thousands digit of 20519?
0
What is the hundreds digit of 447?
4
What is the hundreds digit of 2184?
1
What is the thousands digit of 1105?
1
What is the units digit of 172117?
7
What is the tens digit of 479?
7
What is the thousands digit of 1147?
1
What is the units digit of 67?
7
What is the hundreds digit of 419?
4
What is the units digit of 4567?
7
What is the tens digit of 28216?
1
What is the units digit of 24596?
6
What is the hundreds digit of 1063?
0
What is the hundreds digit of 27528?
5
What is the units digit of 3050?
0
What is the thousands digit of 110868?
0
What is the units digit of 13737?
7
What is the units digit of 109?
9
What is the tens digit of 3399?
9
What is the hundreds digit of 12801?
8
What is the units digit of 737?
7
What is the hundreds digit of 59625?
6
What is the units digit of 4316?
6
What is the tens digit of 87054?
5
What is the hundreds digit of 9370?
3
What is the hundred thousands digit of 155525?
1
What is the hundreds digit of 18086?
0
What is the hundreds digit of 6342?
3
What is the thousands digit of 4050?
4
What is the hundreds digit of 3612?
6
What is the hundreds digit of 2760?
7
What is the tens digit of 5439?
3
What is the hundreds digit of 1348?
3
What is the tens digit of 1309?
0
What is the hundreds digit of 11124?
1
What is the hundreds digit of 675?
6
What is the tens digit of 9683?
8
What is the hundreds digit of 39785?
7
What is the tens digit of 4490?
9
What is the units digit of 3568?
8
What is the units digit of 50621?
1
What is the tens digit of 2635?
3
What is the units digit of 91730?
0
What is the units digit of 1339?
9
What is the tens digit of 7520?
2
What is the thousands digit of 3021?
3
What is the tens digit of 17452?
5
What is the units digit of 196?
6
What is the hundreds digit of 818?
8
What is the tens digit of 147?
4
What is the tens digit of 415?
1
What is the tens digit of 1837?
3
What is the tens digit of 5286?
8
What is the hundreds digit of 4400?
4
What is the thousands digit of 5996?
5
What is the hundreds digit of 19371?
3
What is the thousands digit of 16942?
6
What is the tens digit of 1298?
9
What is the units digit of 79207?
7
What is the thousands digit of 4645?
4
What is the ten thousands digit of 13369?
1
What is the thousands digit of 95695?
5
What is the units digit of 745?
5
What is the tens digit of 1261?
6
What is the units digit of 25?
5
What is the tens digit of 10741?
4
What is the tens digit of 1649?
4
What is the thousands digit of 1570?
1
What is the thousands digit of 5403?
5
What is the ten thousands digit of 29103?
2
What is the units digit of 22049?
9
What is the tens digit of 2851?
5
What is the tens digit of 4013?
1
What is the units digit of 21888?
8
What is the units digit of 288?
8
What is the units digit of 867?
7
What is the tens digit of 42475?
7
What is the thousands digit of 12991?
2
What is the thousands digit of 1462?
1
What is the tens digit of 746?
4
What is the hundreds digit of 10924?
9
What is the units digit of 1014?
4
What is the units digit of 3463?
3
What is the tens digit